{"id":730,"date":"2020-01-20T20:54:46","date_gmt":"2020-01-20T20:54:46","guid":{"rendered":"http:\/\/regresenger.com\/?page_id=730"},"modified":"2020-01-25T11:54:07","modified_gmt":"2020-01-25T11:54:07","slug":"recreativa-monza","status":"publish","type":"page","link":"https:\/\/regresenger.com\/?page_id=730","title":{"rendered":"Recreativa Monza"},"content":{"rendered":"\n<p>En los a\u00f1os 80 empez\u00f3 a fabricarse esta recreativa, he jugado mucho a esta m\u00e1quina, el juego consiste en echar una moneda por la rendija superior y con el volante conseguir que la moneda complete el circuito hasta llegar a META, en la que recuperabas la moneda y volv\u00edas a jugar. He construido esta monza con pedestal, (originalmente era sin pedestal), con el circuito  y la zona monedero mas o menos como era la original. La zona del volante le he  puesto un vinilo con un dise\u00f1o m\u00e1s moderno. Hay muy poca informaci\u00f3n sobre esta recreativa hasta que de d\u00ed con esta <a rel=\"noreferrer noopener\" aria-label=\"web (se abre en una nueva pesta\u00f1a)\" href=\"http:\/\/blogpinball.blogspot.com\/2015\/05\/el-triste-regreso-de-la-maquina-monza.html\" target=\"_blank\">web<\/a> y fue la base para la construcci\u00f3n de mi recreativa. Si quer\u00e9is construiros vuestra propia recreativa os aconsejo  poner un volante de kart.<\/p>\n\n\n\n<figure class=\"wp-block-image size-large\"><img loading=\"lazy\" decoding=\"async\" width=\"560\" height=\"747\" src=\"https:\/\/regresenger.com\/wp-content\/uploads\/2020\/01\/recreativa_monza_regresenger.jpg\" alt=\"\" class=\"wp-image-731\" srcset=\"https:\/\/regresenger.com\/wp-content\/uploads\/2020\/01\/recreativa_monza_regresenger.jpg 560w, https:\/\/regresenger.com\/wp-content\/uploads\/2020\/01\/recreativa_monza_regresenger-225x300.jpg 225w\" sizes=\"auto, (max-width: 560px) 100vw, 560px\" \/><figcaption>recreativa monza 2019<\/figcaption><\/figure>\n\n\n\n<h2 class=\"wp-block-heading\"><\/h2>\n\n\n\n<figure class=\"wp-block-embed-youtube wp-block-embed is-type-video is-provider-youtube wp-embed-aspect-16-9 wp-has-aspect-ratio\"><div class=\"wp-block-embed__wrapper\">\n<iframe loading=\"lazy\" title=\"recreativa monza\" width=\"750\" height=\"422\" src=\"https:\/\/www.youtube.com\/embed\/jKlqgXdnRok?feature=oembed\" frameborder=\"0\" allow=\"accelerometer; autoplay; encrypted-media; gyroscope; picture-in-picture\" allowfullscreen><\/iframe>\n<\/div><\/figure>\n\n\n\n<p>CONSTRUCCI\u00d3N PASO A PASO DE LA RECREATIVA MONZA<\/p>\n\n\n\n<p>No tengo las medidas originales, asi que he hecho este esquema con las medidas del mueble ,pantalla de metacrilato y los vinilos a medida por si alguien quiere construirse una recreativa monza.<\/p>\n\n\n\n<figure class=\"wp-block-image size-large\"><img loading=\"lazy\" decoding=\"async\" width=\"560\" height=\"829\" src=\"https:\/\/regresenger.com\/wp-content\/uploads\/2020\/01\/0.jpg\" alt=\"\" class=\"wp-image-741\" srcset=\"https:\/\/regresenger.com\/wp-content\/uploads\/2020\/01\/0.jpg 560w, https:\/\/regresenger.com\/wp-content\/uploads\/2020\/01\/0-203x300.jpg 203w\" sizes=\"auto, (max-width: 560px) 100vw, 560px\" \/><\/figure>\n\n\n\n<p>construci\u00f3n del mueble en madera aglomerado de 19 mm.<\/p>\n\n\n\n<figure class=\"wp-block-image size-large\"><img loading=\"lazy\" decoding=\"async\" width=\"560\" height=\"746\" src=\"https:\/\/regresenger.com\/wp-content\/uploads\/2020\/01\/1.jpg\" alt=\"\" class=\"wp-image-742\" srcset=\"https:\/\/regresenger.com\/wp-content\/uploads\/2020\/01\/1.jpg 560w, https:\/\/regresenger.com\/wp-content\/uploads\/2020\/01\/1-225x300.jpg 225w\" sizes=\"auto, (max-width: 560px) 100vw, 560px\" \/><\/figure>\n\n\n\n<p>Pintado de los laterales en negro <\/p>\n\n\n\n<figure class=\"wp-block-image size-large\"><img loading=\"lazy\" decoding=\"async\" width=\"560\" height=\"746\" src=\"https:\/\/regresenger.com\/wp-content\/uploads\/2020\/01\/2.jpg\" alt=\"\" class=\"wp-image-743\" srcset=\"https:\/\/regresenger.com\/wp-content\/uploads\/2020\/01\/2.jpg 560w, https:\/\/regresenger.com\/wp-content\/uploads\/2020\/01\/2-225x300.jpg 225w\" sizes=\"auto, (max-width: 560px) 100vw, 560px\" \/><\/figure>\n\n\n\n<p>soporte de las poleas , la mayor tiene un diametro de 15 cm. la menor 10cm.<\/p>\n\n\n\n<figure class=\"wp-block-image size-large\"><img loading=\"lazy\" decoding=\"async\" width=\"560\" height=\"746\" src=\"https:\/\/regresenger.com\/wp-content\/uploads\/2020\/01\/3.jpg\" alt=\"\" class=\"wp-image-744\" srcset=\"https:\/\/regresenger.com\/wp-content\/uploads\/2020\/01\/3.jpg 560w, https:\/\/regresenger.com\/wp-content\/uploads\/2020\/01\/3-225x300.jpg 225w\" sizes=\"auto, (max-width: 560px) 100vw, 560px\" \/><\/figure>\n\n\n\n<p>colocaci\u00f3n del soporte en armaz\u00f3n de la recreativa junto con el panel del circuito, que esta ligeramente inclinado.<\/p>\n\n\n\n<figure class=\"wp-block-image size-large\"><img loading=\"lazy\" decoding=\"async\" width=\"560\" height=\"746\" src=\"https:\/\/regresenger.com\/wp-content\/uploads\/2020\/01\/4.jpg\" alt=\"\" class=\"wp-image-745\" srcset=\"https:\/\/regresenger.com\/wp-content\/uploads\/2020\/01\/4.jpg 560w, https:\/\/regresenger.com\/wp-content\/uploads\/2020\/01\/4-225x300.jpg 225w\" sizes=\"auto, (max-width: 560px) 100vw, 560px\" \/><\/figure>\n\n\n\n<p>Vinilo pegado en la madera del soporte y con las tiras de madera o otro material se colocan siguiendo las lineas negras<\/p>\n\n\n\n<figure class=\"wp-block-image size-large\"><img loading=\"lazy\" decoding=\"async\" width=\"560\" height=\"746\" src=\"https:\/\/regresenger.com\/wp-content\/uploads\/2020\/01\/7.jpg\" alt=\"\" class=\"wp-image-747\" srcset=\"https:\/\/regresenger.com\/wp-content\/uploads\/2020\/01\/7.jpg 560w, https:\/\/regresenger.com\/wp-content\/uploads\/2020\/01\/7-225x300.jpg 225w\" sizes=\"auto, (max-width: 560px) 100vw, 560px\" \/><\/figure>\n\n\n\n<p>Aqui m\u00e1s al detalle.<\/p>\n\n\n\n<figure class=\"wp-block-image size-large\"><img loading=\"lazy\" decoding=\"async\" width=\"560\" height=\"746\" src=\"https:\/\/regresenger.com\/wp-content\/uploads\/2020\/01\/8.jpg\" alt=\"\" class=\"wp-image-748\" srcset=\"https:\/\/regresenger.com\/wp-content\/uploads\/2020\/01\/8.jpg 560w, https:\/\/regresenger.com\/wp-content\/uploads\/2020\/01\/8-225x300.jpg 225w\" sizes=\"auto, (max-width: 560px) 100vw, 560px\" \/><\/figure>\n\n\n\n<p>Una vez terminado de poner las barras de madera se pone metacrilato encima para que la moneda no se escape de frente. en la imagen circuito terminado.<\/p>\n\n\n\n<figure class=\"wp-block-image size-large\"><img loading=\"lazy\" decoding=\"async\" width=\"560\" height=\"746\" src=\"https:\/\/regresenger.com\/wp-content\/uploads\/2020\/01\/9.jpg\" alt=\"\" class=\"wp-image-749\" srcset=\"https:\/\/regresenger.com\/wp-content\/uploads\/2020\/01\/9.jpg 560w, https:\/\/regresenger.com\/wp-content\/uploads\/2020\/01\/9-225x300.jpg 225w\" sizes=\"auto, (max-width: 560px) 100vw, 560px\" \/><\/figure>\n\n\n\n<p>Mecanismo realizado con chapa aluminio para hacer que la moneda que insertes caiga entre el vinilo y el metacrilato del circuito.<\/p>\n\n\n\n<figure class=\"wp-block-image size-large\"><img loading=\"lazy\" decoding=\"async\" width=\"560\" height=\"746\" src=\"https:\/\/regresenger.com\/wp-content\/uploads\/2020\/01\/10.jpg\" alt=\"\" class=\"wp-image-750\" srcset=\"https:\/\/regresenger.com\/wp-content\/uploads\/2020\/01\/10.jpg 560w, https:\/\/regresenger.com\/wp-content\/uploads\/2020\/01\/10-225x300.jpg 225w\" sizes=\"auto, (max-width: 560px) 100vw, 560px\" \/><\/figure>\n\n\n\n<p>Cazoleta donde se podra recuperar la moneda tras llegar a META.<\/p>\n\n\n\n<figure class=\"wp-block-image size-large\"><img loading=\"lazy\" decoding=\"async\" width=\"560\" height=\"746\" src=\"https:\/\/regresenger.com\/wp-content\/uploads\/2020\/01\/11.jpg\" alt=\"\" class=\"wp-image-751\" srcset=\"https:\/\/regresenger.com\/wp-content\/uploads\/2020\/01\/11.jpg 560w, https:\/\/regresenger.com\/wp-content\/uploads\/2020\/01\/11-225x300.jpg 225w\" sizes=\"auto, (max-width: 560px) 100vw, 560px\" \/><\/figure>\n\n\n\n<p>Se ponen dos topes para que el circuito no este dando vueltas. es suficiente el arco de direccion derecha-izquierda para jugar.<\/p>\n\n\n\n<figure class=\"wp-block-image size-large\"><img loading=\"lazy\" decoding=\"async\" width=\"560\" height=\"746\" src=\"https:\/\/regresenger.com\/wp-content\/uploads\/2020\/01\/12.jpg\" alt=\"\" class=\"wp-image-752\" srcset=\"https:\/\/regresenger.com\/wp-content\/uploads\/2020\/01\/12.jpg 560w, https:\/\/regresenger.com\/wp-content\/uploads\/2020\/01\/12-225x300.jpg 225w\" sizes=\"auto, (max-width: 560px) 100vw, 560px\" \/><\/figure>\n\n\n\n<p>Con cualquier chapa de metal o pl\u00e1stico podemos hacernos este monedero.<\/p>\n\n\n\n<figure class=\"wp-block-image size-large\"><img loading=\"lazy\" decoding=\"async\" width=\"560\" height=\"746\" src=\"https:\/\/regresenger.com\/wp-content\/uploads\/2020\/01\/13.jpg\" alt=\"\" class=\"wp-image-753\" srcset=\"https:\/\/regresenger.com\/wp-content\/uploads\/2020\/01\/13.jpg 560w, https:\/\/regresenger.com\/wp-content\/uploads\/2020\/01\/13-225x300.jpg 225w\" sizes=\"auto, (max-width: 560px) 100vw, 560px\" \/><\/figure>\n\n\n\n<p>Aqui tenemos todo el mecanismo de la recreativa. el monedero con la caida dentro del circuito, la cazoleta para recuperar la moneda al llegar a META y las monedas que caen por los laterales van a un recogedor . En este caso el recogedor lo he puesto frontal para recoger las monedas.  <\/p>\n\n\n\n<figure class=\"wp-block-image size-large\"><img loading=\"lazy\" decoding=\"async\" width=\"560\" height=\"746\" src=\"https:\/\/regresenger.com\/wp-content\/uploads\/2020\/01\/14.jpg\" alt=\"\" class=\"wp-image-754\" srcset=\"https:\/\/regresenger.com\/wp-content\/uploads\/2020\/01\/14.jpg 560w, https:\/\/regresenger.com\/wp-content\/uploads\/2020\/01\/14-225x300.jpg 225w\" sizes=\"auto, (max-width: 560px) 100vw, 560px\" \/><\/figure>\n\n\n\n<p>Vinilo de una sola pieza de 600 mm. x 1700mm. Cortamos la zona monedero, zona exterior circuito, zona interior circuito y zona panel volante y peana. Aqui ten\u00e9is el vinilo en .PDF listo para imprimir .<\/p>\n\n\n\n<p><a href=\"https:\/\/regresenger.com\/PROYECTO_MONZA_final.pdf\">https:\/\/regresenger.com\/PROYECTO_MONZA_final.pdf<\/a><\/p>\n\n\n\n<figure class=\"wp-block-image size-large\"><img loading=\"lazy\" decoding=\"async\" width=\"560\" height=\"746\" src=\"https:\/\/regresenger.com\/wp-content\/uploads\/2020\/01\/15.jpg\" alt=\"\" class=\"wp-image-755\" srcset=\"https:\/\/regresenger.com\/wp-content\/uploads\/2020\/01\/15.jpg 560w, https:\/\/regresenger.com\/wp-content\/uploads\/2020\/01\/15-225x300.jpg 225w\" sizes=\"auto, (max-width: 560px) 100vw, 560px\" \/><\/figure>\n\n\n\n<p>Monedero y vinilo incrustado en la tapa superior recreativa.<\/p>\n\n\n\n<figure class=\"wp-block-image size-large\"><img loading=\"lazy\" decoding=\"async\" width=\"560\" height=\"746\" src=\"https:\/\/regresenger.com\/wp-content\/uploads\/2020\/01\/16.jpg\" alt=\"\" class=\"wp-image-756\" srcset=\"https:\/\/regresenger.com\/wp-content\/uploads\/2020\/01\/16.jpg 560w, https:\/\/regresenger.com\/wp-content\/uploads\/2020\/01\/16-225x300.jpg 225w\" sizes=\"auto, (max-width: 560px) 100vw, 560px\" \/><\/figure>\n\n\n\n<p>Recreativa Monza terminada.<\/p>\n\n\n\n<figure class=\"wp-block-image size-large\"><img loading=\"lazy\" decoding=\"async\" width=\"560\" height=\"746\" src=\"https:\/\/regresenger.com\/wp-content\/uploads\/2020\/01\/17.jpg\" alt=\"\" class=\"wp-image-757\" srcset=\"https:\/\/regresenger.com\/wp-content\/uploads\/2020\/01\/17.jpg 560w, https:\/\/regresenger.com\/wp-content\/uploads\/2020\/01\/17-225x300.jpg 225w\" sizes=\"auto, (max-width: 560px) 100vw, 560px\" \/><\/figure>\n\n\n\n<p>En la foto dos de las tres recreativas que he construido.   <\/p>\n\n\n\n<figure class=\"wp-block-image size-large\"><img loading=\"lazy\" decoding=\"async\" width=\"560\" height=\"746\" src=\"https:\/\/regresenger.com\/wp-content\/uploads\/2020\/01\/19.jpg\" alt=\"\" class=\"wp-image-758\" srcset=\"https:\/\/regresenger.com\/wp-content\/uploads\/2020\/01\/19.jpg 560w, https:\/\/regresenger.com\/wp-content\/uploads\/2020\/01\/19-225x300.jpg 225w\" sizes=\"auto, (max-width: 560px) 100vw, 560px\" \/><\/figure>\n","protected":false},"excerpt":{"rendered":"<p>En los a\u00f1os 80 empez\u00f3 a fabricarse esta recreativa, he jugado mucho a esta m\u00e1quina, el juego consiste en echar una moneda por la rendija superior y con el volante conseguir que la moneda complete el circuito hasta llegar a<\/p>\n","protected":false},"author":1,"featured_media":729,"parent":0,"menu_order":0,"comment_status":"closed","ping_status":"closed","template":"","meta":{"footnotes":""},"class_list":["post-730","page","type-page","status-publish","has-post-thumbnail","hentry"],"_links":{"self":[{"href":"https:\/\/regresenger.com\/index.php?rest_route=\/wp\/v2\/pages\/730","targetHints":{"allow":["GET"]}}],"collection":[{"href":"https:\/\/regresenger.com\/index.php?rest_route=\/wp\/v2\/pages"}],"about":[{"href":"https:\/\/regresenger.com\/index.php?rest_route=\/wp\/v2\/types\/page"}],"author":[{"embeddable":true,"href":"https:\/\/regresenger.com\/index.php?rest_route=\/wp\/v2\/users\/1"}],"replies":[{"embeddable":true,"href":"https:\/\/regresenger.com\/index.php?rest_route=%2Fwp%2Fv2%2Fcomments&post=730"}],"version-history":[{"count":6,"href":"https:\/\/regresenger.com\/index.php?rest_route=\/wp\/v2\/pages\/730\/revisions"}],"predecessor-version":[{"id":761,"href":"https:\/\/regresenger.com\/index.php?rest_route=\/wp\/v2\/pages\/730\/revisions\/761"}],"wp:featuredmedia":[{"embeddable":true,"href":"https:\/\/regresenger.com\/index.php?rest_route=\/wp\/v2\/media\/729"}],"wp:attachment":[{"href":"https:\/\/regresenger.com\/index.php?rest_route=%2Fwp%2Fv2%2Fmedia&parent=730"}],"curies":[{"name":"wp","href":"https:\/\/api.w.org\/{rel}","templated":true}]}}