{"id":717,"date":"2020-01-20T19:25:07","date_gmt":"2020-01-20T19:25:07","guid":{"rendered":"http:\/\/regresenger.com\/?page_id=717"},"modified":"2020-01-20T19:25:08","modified_gmt":"2020-01-20T19:25:08","slug":"app-movil-instalacion-fontaneria-hvc","status":"publish","type":"page","link":"https:\/\/regresenger.com\/?page_id=717","title":{"rendered":"App m\u00f3vil instalaci\u00f3n fontaner\u00eda HVC"},"content":{"rendered":"\n<ul class=\"wp-block-list\"><li>Localizador de las llaves de fontaner\u00eda del complejo hospitalario B (antiguo hospital Virgen del Camino) pueden localizarse por n\u00ba grifos, columnas y por lugares o zonas.<\/li><li> En formato papel que esta colgada en el cuarto control temperaturas del taller de mantenimiento.<\/li><li> En aplicaci\u00f3n para PC y en aplicaci\u00f3n para moviles android<br><\/li><\/ul>\n\n\n\n<h2 class=\"wp-block-heading\">INSTALACI\u00d3N EN EL PC o PORTATIL<\/h2>\n\n\n\n<p>(una vez descargado descomprimelo en tu escritorio)<br><a href=\"https:\/\/regresenger.com\/app\/fontaneria_HVC.rar\">instalar en PC<\/a><\/p>\n\n\n\n<h2 class=\"wp-block-heading\">INSTALACI\u00d3N EN ELMOVIL ANDROID<\/h2>\n\n\n\n<p><a href=\"https:\/\/regresenger.com\/app\/mantenimiento_hvc.apk\">instalar en android<\/a><\/p>\n\n\n\n<p>Si estas desde el PC puedes escanear este c\u00f3digo e instalarlo en tu movil android.<br><\/p>\n\n\n\n<figure class=\"wp-block-image\"><img decoding=\"async\" src=\"https:\/\/regresenger.com\/app\/imagenes\/qrcode.png\" alt=\"\"\/><\/figure>\n\n\n\n<p>En caso de que no puedan instalarlo en el m\u00f3vil, otra opci\u00f3n es verlo a trav\u00e9s de tu navegador del m\u00f3vil, tanto ANDROID como IPHONE.<a href=\"https:\/\/regresenger.com\/app\/web\">ver desde navegador<\/a><br><\/p>\n","protected":false},"excerpt":{"rendered":"<p>Localizador de las llaves de fontaner\u00eda del complejo hospitalario B (antiguo hospital Virgen del Camino) pueden localizarse por n\u00ba grifos, columnas y por lugares o zonas. En formato papel que esta colgada en el cuarto control temperaturas del taller de<\/p>\n","protected":false},"author":1,"featured_media":0,"parent":0,"menu_order":0,"comment_status":"closed","ping_status":"closed","template":"","meta":{"footnotes":""},"class_list":["post-717","page","type-page","status-publish","hentry"],"_links":{"self":[{"href":"https:\/\/regresenger.com\/index.php?rest_route=\/wp\/v2\/pages\/717","targetHints":{"allow":["GET"]}}],"collection":[{"href":"https:\/\/regresenger.com\/index.php?rest_route=\/wp\/v2\/pages"}],"about":[{"href":"https:\/\/regresenger.com\/index.php?rest_route=\/wp\/v2\/types\/page"}],"author":[{"embeddable":true,"href":"https:\/\/regresenger.com\/index.php?rest_route=\/wp\/v2\/users\/1"}],"replies":[{"embeddable":true,"href":"https:\/\/regresenger.com\/index.php?rest_route=%2Fwp%2Fv2%2Fcomments&post=717"}],"version-history":[{"count":3,"href":"https:\/\/regresenger.com\/index.php?rest_route=\/wp\/v2\/pages\/717\/revisions"}],"predecessor-version":[{"id":720,"href":"https:\/\/regresenger.com\/index.php?rest_route=\/wp\/v2\/pages\/717\/revisions\/720"}],"wp:attachment":[{"href":"https:\/\/regresenger.com\/index.php?rest_route=%2Fwp%2Fv2%2Fmedia&parent=717"}],"curies":[{"name":"wp","href":"https:\/\/api.w.org\/{rel}","templated":true}]}}