{"id":687,"date":"2018-07-24T15:07:58","date_gmt":"2018-07-24T15:07:58","guid":{"rendered":"http:\/\/regresenger.com\/?page_id=687"},"modified":"2018-07-24T15:17:18","modified_gmt":"2018-07-24T15:17:18","slug":"laguna-dos-reinos-proyectos","status":"publish","type":"page","link":"https:\/\/regresenger.com\/?page_id=687","title":{"rendered":"Laguna dos reinos- proyectos"},"content":{"rendered":"<ul>\n<li>Proyecto 3<\/li>\n<\/ul>\n<ul>\n<li>Proyecto 2<\/li>\n<\/ul>\n<ul>\n<li>Proyecto realizado en la laguna Dos Reinos fue la <strong>reconstrucci\u00f3n de la torre de caracol<\/strong> que se quem\u00f3 hace unos 35 a\u00f1os. La recuperaci\u00f3n de la Torre-Observatorio ha sido subvencionada por el\u00a0<strong>Grupo de Acci\u00f3n Local de\u00a0la Zona Media<\/strong>\u00a0de Navarra a trav\u00e9s del Eje 4 (Leader) del\u00a0<strong>Programa de Desarrollo Rural<\/strong>\u00a0de\u00a0la Comunidad Foral\u00a0de Navarra cofinanciado por el \u00a0<strong>Fondo Europeo Agr\u00edcola de Desarrollo Rural<\/strong>\u00a0(Feader) y el Departamento de Desarrollo Rural, Medio Ambiente y Administraci\u00f3n Local de\u00a0<strong>Gobierno de Navarra.<\/strong> El proyecto cost\u00f3 15.031,64 euros.<\/li>\n<\/ul>\n<p><a href=\"http:\/\/lagunadosreinos.org\/wp-content\/uploads\/2011\/08\/Torre-Observatorio-Laguna-Dos-Reinos.pdf\" target=\"_blank\" rel=\"noopener\">Memoria Torre Observatorio Laguna Dos Reinos<\/a><\/p>\n<p><a href=\"https:\/\/photos.google.com\/u\/1\/album\/AF1QipPVweFAJ2NClejJotzsJC6khL9aBr2ZVu4ahs1i\" target=\"_blank\" rel=\"noopener\">Construcci\u00f3n torre Observatorio<\/a><\/p>\n<p><a href=\"https:\/\/photos.google.com\/u\/1\/album\/AF1QipN4KnDljKqMZSKTHCz__g0wmDFgs6g7TnNaTVxd\" target=\"_blank\" rel=\"noopener\">Inauguraci\u00f3n torre el 29 Septiembre de 2012<\/a><\/p>\n<p><img loading=\"lazy\" decoding=\"async\" class=\"alignnone size-full wp-image-690\" src=\"https:\/\/regresenger.com\/wp-content\/uploads\/2018\/07\/inauguracion-torre1.jpg\" alt=\"\" width=\"560\" height=\"247\" srcset=\"https:\/\/regresenger.com\/wp-content\/uploads\/2018\/07\/inauguracion-torre1.jpg 560w, https:\/\/regresenger.com\/wp-content\/uploads\/2018\/07\/inauguracion-torre1-300x132.jpg 300w\" sizes=\"auto, (max-width: 560px) 100vw, 560px\" \/><\/p>\n<p>&nbsp;<\/p>\n<ul>\n<li style=\"list-style-type: none;\">\n<ul>\n<li style=\"list-style-type: none;\">\n<ul>\n<li>Colocaci\u00f3n de 25 islas flotantes y plantaci\u00f3n de 350 \u00e1rboles\u00a0 subvencionada por la caixa\u00a0 y el Departamento de Desarrollo Rural, Medio Ambiente y Administraci\u00f3n Local de\u00a0<strong>Gobierno de Navarra.<\/strong>\u00a0El proyecto cost\u00f3 22.542 euros. M\u00e1s informaci\u00f3n <a href=\"http:\/\/lagunadosreinos.org\/?p=652\" target=\"_blank\" rel=\"noopener\">AQUI<\/a><\/li>\n<\/ul>\n<\/li>\n<\/ul>\n<\/li>\n<\/ul>\n<p>&nbsp;<\/p>\n<p><img loading=\"lazy\" decoding=\"async\" class=\"alignnone size-full wp-image-692\" src=\"https:\/\/regresenger.com\/wp-content\/uploads\/2018\/07\/isla.png\" alt=\"\" width=\"570\" height=\"303\" srcset=\"https:\/\/regresenger.com\/wp-content\/uploads\/2018\/07\/isla.png 570w, https:\/\/regresenger.com\/wp-content\/uploads\/2018\/07\/isla-300x159.png 300w\" sizes=\"auto, (max-width: 570px) 100vw, 570px\" \/><\/p>\n","protected":false},"excerpt":{"rendered":"<p>Proyecto 3 Proyecto 2 Proyecto realizado en la laguna Dos Reinos fue la reconstrucci\u00f3n de la torre de caracol que se quem\u00f3 hace unos 35 a\u00f1os. La recuperaci\u00f3n de la Torre-Observatorio ha sido subvencionada por el\u00a0Grupo de Acci\u00f3n Local de\u00a0la<\/p>\n","protected":false},"author":1,"featured_media":0,"parent":0,"menu_order":0,"comment_status":"closed","ping_status":"closed","template":"","meta":{"footnotes":""},"class_list":["post-687","page","type-page","status-publish","hentry"],"_links":{"self":[{"href":"https:\/\/regresenger.com\/index.php?rest_route=\/wp\/v2\/pages\/687","targetHints":{"allow":["GET"]}}],"collection":[{"href":"https:\/\/regresenger.com\/index.php?rest_route=\/wp\/v2\/pages"}],"about":[{"href":"https:\/\/regresenger.com\/index.php?rest_route=\/wp\/v2\/types\/page"}],"author":[{"embeddable":true,"href":"https:\/\/regresenger.com\/index.php?rest_route=\/wp\/v2\/users\/1"}],"replies":[{"embeddable":true,"href":"https:\/\/regresenger.com\/index.php?rest_route=%2Fwp%2Fv2%2Fcomments&post=687"}],"version-history":[{"count":9,"href":"https:\/\/regresenger.com\/index.php?rest_route=\/wp\/v2\/pages\/687\/revisions"}],"predecessor-version":[{"id":699,"href":"https:\/\/regresenger.com\/index.php?rest_route=\/wp\/v2\/pages\/687\/revisions\/699"}],"wp:attachment":[{"href":"https:\/\/regresenger.com\/index.php?rest_route=%2Fwp%2Fv2%2Fmedia&parent=687"}],"curies":[{"name":"wp","href":"https:\/\/api.w.org\/{rel}","templated":true}]}}

<ul>
<li>Proyecto 3</li>
</ul>
<ul>
<li>Proyecto 2</li>
</ul>
<ul>
<li>Proyecto realizado en la laguna Dos Reinos fue la <strong>reconstrucción de la torre de caracol</strong> que se quemó hace unos 35 años. La recuperación de la Torre-Observatorio ha sido subvencionada por el <strong>Grupo de Acción Local de la Zona Media</strong> de Navarra a través del Eje 4 (Leader) del <strong>Programa de Desarrollo Rural</strong> de la Comunidad Foral de Navarra cofinanciado por el  <strong>Fondo Europeo Agrícola de Desarrollo Rural</strong> (Feader) y el Departamento de Desarrollo Rural, Medio Ambiente y Administración Local de <strong>Gobierno de Navarra.</strong> El proyecto costó 15.031,64 euros.</li>
</ul>
<p><a href="http://lagunadosreinos.org/wp-content/uploads/2011/08/Torre-Observatorio-Laguna-Dos-Reinos.pdf" target="_blank" rel="noopener">Memoria Torre Observatorio Laguna Dos Reinos</a></p>
<p><a href="https://photos.google.com/u/1/album/AF1QipPVweFAJ2NClejJotzsJC6khL9aBr2ZVu4ahs1i" target="_blank" rel="noopener">Construcción torre Observatorio</a></p>
<p><a href="https://photos.google.com/u/1/album/AF1QipN4KnDljKqMZSKTHCz__g0wmDFgs6g7TnNaTVxd" target="_blank" rel="noopener">Inauguración torre el 29 Septiembre de 2012</a></p>
<p><img loading="lazy" decoding="async" class="alignnone size-full wp-image-690" src="https://regresenger.com/wp-content/uploads/2018/07/inauguracion-torre1.jpg" alt="" width="560" height="247" srcset="https://regresenger.com/wp-content/uploads/2018/07/inauguracion-torre1.jpg 560w, https://regresenger.com/wp-content/uploads/2018/07/inauguracion-torre1-300x132.jpg 300w" sizes="auto, (max-width: 560px) 100vw, 560px" /></p>
<p>&nbsp;</p>
<ul>
<li style="list-style-type: none;">
<ul>
<li style="list-style-type: none;">
<ul>
<li>Colocación de 25 islas flotantes y plantación de 350 árboles  subvencionada por la caixa  y el Departamento de Desarrollo Rural, Medio Ambiente y Administración Local de <strong>Gobierno de Navarra.</strong> El proyecto costó 22.542 euros. Más información <a href="http://lagunadosreinos.org/?p=652" target="_blank" rel="noopener">AQUI</a></li>
</ul>
</li>
</ul>
</li>
</ul>
<p>&nbsp;</p>
<p><img loading="lazy" decoding="async" class="alignnone size-full wp-image-692" src="https://regresenger.com/wp-content/uploads/2018/07/isla.png" alt="" width="570" height="303" srcset="https://regresenger.com/wp-content/uploads/2018/07/isla.png 570w, https://regresenger.com/wp-content/uploads/2018/07/isla-300x159.png 300w" sizes="auto, (max-width: 570px) 100vw, 570px" /></p>

<p>Proyecto 3 Proyecto 2 Proyecto realizado en la laguna Dos Reinos fue la reconstrucción de la torre de caracol que se quemó hace unos 35 años. La recuperación de la Torre-Observatorio ha sido subvencionada por el Grupo de Acción Local de la</p>
