{"id":1016,"date":"2022-03-22T18:50:57","date_gmt":"2022-03-22T18:50:57","guid":{"rendered":"http:\/\/regresenger.com\/?page_id=1016"},"modified":"2023-03-26T14:18:05","modified_gmt":"2023-03-26T14:18:05","slug":"disenos-pintura-y-carteleria","status":"publish","type":"page","link":"https:\/\/regresenger.com\/?page_id=1016","title":{"rendered":"Dise\u00f1os, pintura y carteler\u00eda"},"content":{"rendered":"\n<p>Dise\u00f1os gr\u00e1ficos, cateler\u00eda, pinturas al \u00f3leo, a carboncillo&#8230;.pincha en este enlace<\/p>\n\n\n\n<p><a href=\"https:\/\/regresenger.com\/alternativa\/\" target=\"_blank\" rel=\"noreferrer noopener\">https:\/\/regresenger.com\/alternativa\/<\/a><\/p>\n\n\n\n<figure class=\"wp-block-image size-large\"><img loading=\"lazy\" decoding=\"async\" width=\"632\" height=\"300\" src=\"https:\/\/regresenger.com\/wp-content\/uploads\/2022\/03\/saharaui.jpg\" alt=\"\" class=\"wp-image-1018\" srcset=\"https:\/\/regresenger.com\/wp-content\/uploads\/2022\/03\/saharaui.jpg 632w, https:\/\/regresenger.com\/wp-content\/uploads\/2022\/03\/saharaui-300x142.jpg 300w, https:\/\/regresenger.com\/wp-content\/uploads\/2022\/03\/saharaui-600x285.jpg 600w\" sizes=\"auto, (max-width: 632px) 100vw, 632px\" \/><\/figure>\n","protected":false},"excerpt":{"rendered":"<p>Dise\u00f1os gr\u00e1ficos, cateler\u00eda, pinturas al \u00f3leo, a carboncillo&#8230;.pincha en este enlace https:\/\/regresenger.com\/alternativa\/<\/p>\n","protected":false},"author":1,"featured_media":1018,"parent":0,"menu_order":0,"comment_status":"closed","ping_status":"closed","template":"","meta":{"footnotes":""},"class_list":["post-1016","page","type-page","status-publish","has-post-thumbnail","hentry"],"_links":{"self":[{"href":"https:\/\/regresenger.com\/index.php?rest_route=\/wp\/v2\/pages\/1016","targetHints":{"allow":["GET"]}}],"collection":[{"href":"https:\/\/regresenger.com\/index.php?rest_route=\/wp\/v2\/pages"}],"about":[{"href":"https:\/\/regresenger.com\/index.php?rest_route=\/wp\/v2\/types\/page"}],"author":[{"embeddable":true,"href":"https:\/\/regresenger.com\/index.php?rest_route=\/wp\/v2\/users\/1"}],"replies":[{"embeddable":true,"href":"https:\/\/regresenger.com\/index.php?rest_route=%2Fwp%2Fv2%2Fcomments&post=1016"}],"version-history":[{"count":3,"href":"https:\/\/regresenger.com\/index.php?rest_route=\/wp\/v2\/pages\/1016\/revisions"}],"predecessor-version":[{"id":1021,"href":"https:\/\/regresenger.com\/index.php?rest_route=\/wp\/v2\/pages\/1016\/revisions\/1021"}],"wp:featuredmedia":[{"embeddable":true,"href":"https:\/\/regresenger.com\/index.php?rest_route=\/wp\/v2\/media\/1018"}],"wp:attachment":[{"href":"https:\/\/regresenger.com\/index.php?rest_route=%2Fwp%2Fv2%2Fmedia&parent=1016"}],"curies":[{"name":"wp","href":"https:\/\/api.w.org\/{rel}","templated":true}]}}